{"id":171,"date":"2022-07-07T09:05:13","date_gmt":"2022-07-07T07:05:13","guid":{"rendered":"http:\/\/93.7.96.10\/?page_id=171"},"modified":"2024-04-15T08:15:07","modified_gmt":"2024-04-15T06:15:07","slug":"du-bts-a-la-licence-pro","status":"publish","type":"page","link":"https:\/\/www.lycee-pasteur.fr\/?page_id=171","title":{"rendered":"Les BTS"},"content":{"rendered":"\r\n<h2 class=\"wp-block-heading\"><mark class=\"has-inline-color has-black-color\" style=\"background-color: #7bdcb5;\">L&rsquo;enseignement sup\u00e9rieur au lyc\u00e9e Pasteur<\/mark><\/h2>\r\n\r\n\r\n\r\n<figure class=\"wp-block-gallery alignright has-nested-images columns-default is-cropped wp-block-gallery-1 is-layout-flex wp-block-gallery-is-layout-flex\">\r\n<figure class=\"wp-block-image size-large is-style-rounded\"><img loading=\"lazy\" decoding=\"async\" width=\"360\" height=\"216\" data-id=\"172\" class=\"wp-image-172\" src=\"http:\/\/93.7.96.10\/wp-content\/uploads\/2022\/07\/enssup.jpg\" alt=\"\" srcset=\"https:\/\/www.lycee-pasteur.fr\/wp-content\/uploads\/2022\/07\/enssup.jpg 360w, https:\/\/www.lycee-pasteur.fr\/wp-content\/uploads\/2022\/07\/enssup-300x180.jpg 300w\" sizes=\"auto, (max-width: 360px) 100vw, 360px\" \/><\/figure>\r\n<\/figure>\r\n\r\n\r\n\r\n<p>Ainsi\u00a0 le\u00a0 lyc\u00e9e pasteur\u00a0\u00a0 propose des formation\u00a0 allant\u00a0 du\u00a0 bac\u00a0 moins trois\u00a0 au\u00a0 bac\u00a0 plus\u00a0 trois<\/p>\r\n\r\n\r\n\r\n<p>Le lyc\u00e9e pasteur, propose\u00a0 cinq\u00a0 Brevets de Techniciens Sup\u00e9rieurs\u00a0 dans\u00a0 les domaines\u00a0 du\u00a0 B\u00e2timent et\u00a0 des Travaux\u00a0 public mais\u00a0 \u00e9galement\u00a0 dans\u00a0 le\u00a0 secteur\u00a0 Industriel.<\/p>\r\n\r\n\r\n\r\n<p>Nous\u00a0 proposons\u00a0 en\u00a0 partenariat\u00a0\u00a0 avec\u00a0 l&rsquo; IUT\u00a0\u00a0 de B\u00e9thune\u00a0 une\u00a0 Licence Professionnelle\u00a0 Gestion\u00a0 Technique du B\u00e2timent.<\/p>\r\n\r\n\r\n\r\n<h2 class=\"wp-block-heading\"><strong><mark class=\"has-inline-color has-black-color\" style=\"background-color: #7bdcb5;\">Les formations sup\u00e9rieures propos\u00e9es<\/mark><\/strong><\/h2>\r\n\r\n\r\n\r\n<h5 class=\"wp-block-heading\">BTS TP &#8211; voie scolaire ou apprentissage<\/h5>\r\n\r\n\r\n\r\n<p id=\"page-title\"><sub>TP : Travaux Publics<\/sub><\/p>\r\n\r\n\r\n\r\n<p><br \/>Le titulaire de ce BTS assure l&rsquo;interface entre le chantier, les clients, les fournisseurs et la hi\u00e9rarchie de l&rsquo;entreprise. Il est capable de remplir les fonctions d&rsquo;\u00e9tudes, d&rsquo;exploitation, de pr\u00e9paration et de r\u00e9alisation.<\/p>\r\n\r\n\r\n\r\n<h5 class=\"wp-block-heading\"><mark class=\"has-inline-color has-black-color\" style=\"background-color: #ffffff;\">BTS MEC &#8211; voie scolaire ou apprentissage<\/mark><\/h5>\r\n\r\n\r\n\r\n<p><sub>MEC : Management\u00a0 Economique de la Construction<\/sub><\/p>\r\n\r\n\r\n\r\n<p>Ce technicien sup\u00e9rieur peut travailler dans un cabinet d&rsquo;architecte ou d&rsquo;\u00e9conomiste de la construction, un bureau d&rsquo;ing\u00e9nierie, un cabinet d&rsquo;assurances ou une administration. Il intervient \u00e0 tous les stades du projet de construction. Il r\u00e9alise les premi\u00e8res \u00e9tudes sur la base des moyens \u00e0 mettre en \u0153uvre et d\u00e9termine si le projet est financi\u00e8rement r\u00e9alisable\u2026<\/p>\r\n\r\n\r\n\r\n<h5 class=\"wp-block-heading\">BTS BAT &#8211; APPRENTISSAGE<\/h5>\r\n\r\n\r\n\r\n<p>BAT: B\u00e2timent<\/p>\r\n\r\n\r\n\r\n<p>Le titulaire de ce dipl\u00f4me est conducteur de chantier. \u00c0 ce titre, il assure l&rsquo;interface entre le chantier, les fournisseurs et la hi\u00e9rarchie de l&rsquo;entreprise. Il trouve sa place dans les entreprises de construction neuve ou de r\u00e9habilitation. Ses activit\u00e9s se r\u00e9partissent entre les \u00e9tudes techniques et de prix, la pr\u00e9paration, la conduite et la gestion de chantier \u00e0 travers des t\u00e2ches administratives, techniques, \u00e9conomiques et de communication.<\/p>\r\n\r\n\r\n\r\n<h5 class=\"wp-block-heading\">BTS FED DBC &#8211; voie scolaire<\/h5>\r\n\r\n\r\n\r\n<p>FED DBC : Fluides \u00c9nergies Domotique option Domotique et B\u00e2timents Communicants<\/p>\r\n\r\n\r\n\r\n<p>Le dipl\u00f4m\u00e9 de l&rsquo;option domotique et b\u00e2timents communicants (DBC) est un sp\u00e9cialiste des automatismes et des r\u00e9seaux de communication du b\u00e2timent. Les connaissances acquises au cours du BTS lui permettent de concevoir, installer, programmer et mettre en service des solutions techniques dans l&rsquo;habitat.<\/p>\r\n\r\n\r\n\r\n<h5 class=\"wp-block-heading\">BTS ELT &#8211; APPRENTISSAGE<\/h5>\r\n\r\n\r\n\r\n<p><sub>ELT : \u00c9lectrotechnique<\/sub><\/p>\r\n\r\n\r\n\r\n<p>Le BTS \u00e9lectrotechnique forme des sp\u00e9cialistes de l&rsquo;\u00e9tude, de la mise en \u0153uvre, de l&rsquo;utilisation et de la maintenance des \u00e9quipements \u00e9lectriques. Ces \u00e9quipements, de plus en plus sophistiqu\u00e9s en raison de l&rsquo;\u00e9volution des technologies de l&rsquo;informatique et de l&rsquo;\u00e9lectronique, peuvent faire intervenir des proc\u00e9d\u00e9s d&rsquo;hydraulique, de pneumatique, d&rsquo;optique\u2026<\/p>\r\n\r\n\r\n\r\n<p>&nbsp;<\/p>\r\n\r\n\r\n\r\n<h5 class=\"wp-block-heading\">BTS\u00a0 TRAVAUX PUBLICS\u00a0 INFRASTRUCTURES FERROVIAIRES &#8211;\u00a0Apprentissage\u00a0<\/h5>\r\n\r\n\r\n\r\n<p><sub>BTS TP\u00a0 FER \/ TRAVAUX PUBLIC INFRASTRUCTURES FERROVIAIRES<\/sub><\/p>\r\n\r\n\r\n\r\n<p>&nbsp;<\/p>\r\n","protected":false},"excerpt":{"rendered":"<p>L&rsquo;enseignement sup\u00e9rieur au lyc\u00e9e Pasteur Ainsi\u00a0 le\u00a0 lyc\u00e9e pasteur\u00a0\u00a0 propose des formation\u00a0 allant\u00a0 du\u00a0 bac\u00a0 moins trois\u00a0 au\u00a0 bac\u00a0 plus\u00a0 trois Le lyc\u00e9e pasteur, propose\u00a0 cinq\u00a0 Brevets de Techniciens Sup\u00e9rieurs\u00a0 dans\u00a0 les domaines\u00a0 du\u00a0 B\u00e2timent et\u00a0 des Travaux\u00a0 public mais\u00a0 \u00e9galement\u00a0 dans\u00a0 le\u00a0 secteur\u00a0 Industriel. Nous\u00a0 proposons\u00a0 en\u00a0 partenariat\u00a0\u00a0 avec\u00a0 l&rsquo; IUT\u00a0\u00a0 de B\u00e9thune\u00a0 une\u00a0 [&hellip;]<\/p>\n","protected":false},"author":1,"featured_media":0,"parent":0,"menu_order":0,"comment_status":"closed","ping_status":"closed","template":"","meta":{"footnotes":""},"class_list":["post-171","page","type-page","status-publish","hentry"],"blocksy_meta":[],"_links":{"self":[{"href":"https:\/\/www.lycee-pasteur.fr\/index.php?rest_route=\/wp\/v2\/pages\/171","targetHints":{"allow":["GET"]}}],"collection":[{"href":"https:\/\/www.lycee-pasteur.fr\/index.php?rest_route=\/wp\/v2\/pages"}],"about":[{"href":"https:\/\/www.lycee-pasteur.fr\/index.php?rest_route=\/wp\/v2\/types\/page"}],"author":[{"embeddable":true,"href":"https:\/\/www.lycee-pasteur.fr\/index.php?rest_route=\/wp\/v2\/users\/1"}],"replies":[{"embeddable":true,"href":"https:\/\/www.lycee-pasteur.fr\/index.php?rest_route=%2Fwp%2Fv2%2Fcomments&post=171"}],"version-history":[{"count":2,"href":"https:\/\/www.lycee-pasteur.fr\/index.php?rest_route=\/wp\/v2\/pages\/171\/revisions"}],"predecessor-version":[{"id":1116,"href":"https:\/\/www.lycee-pasteur.fr\/index.php?rest_route=\/wp\/v2\/pages\/171\/revisions\/1116"}],"wp:attachment":[{"href":"https:\/\/www.lycee-pasteur.fr\/index.php?rest_route=%2Fwp%2Fv2%2Fmedia&parent=171"}],"curies":[{"name":"wp","href":"https:\/\/api.w.org\/{rel}","templated":true}]}}