{"id":179,"date":"2022-07-07T10:30:28","date_gmt":"2022-07-07T08:30:28","guid":{"rendered":"http:\/\/93.7.96.10\/?page_id=179"},"modified":"2022-07-07T10:46:32","modified_gmt":"2022-07-07T08:46:32","slug":"bts-mec-management-economique-de-la-construction","status":"publish","type":"page","link":"https:\/\/www.lycee-pasteur.fr\/?page_id=179","title":{"rendered":"BTS MEC (Management \u00c9conomique de la Construction)"},"content":{"rendered":"\n<h2 class=\"wp-block-heading\"><strong><a href=\"https:\/\/youtu.be\/WCButE-bX-M\">https:\/\/youtu.be\/WCButE-bX-M<\/a><\/strong><\/h2>\n\n\n\n<p><img decoding=\"async\" alt=\"\" src=\"https:\/\/www.lycee-pasteur.fr\/images\/pasteur-62\/formations\/bts\/eec1-page.jpg\"><\/p>\n\n\n\n<p>Des&nbsp; Questions ?&nbsp; suivez&nbsp; les liens&nbsp; ci-dessous<\/p>\n\n\n\n<p><em>T\u00e9l\u00e9charger&nbsp; les attendus du BTS&nbsp; MEC :&nbsp; (<\/em><a href=\"https:\/\/www.lycee-pasteur.fr\/files\/pasteur-62\/ATTENDUS-BTS-MEC.pdf\" target=\"_blank\" rel=\"noreferrer noopener\">T\u00e9l\u00e9charger<\/a><em>)<\/em><\/p>\n\n\n\n<p><strong><a href=\"https:\/\/bts-eec-pasteur.webnode.fr\" target=\"_blank\" rel=\"noreferrer noopener\">(<\/a><a href=\"http:\/\/bts-eec-pasteur.webnode.fr\/\" target=\"_blank\" rel=\"noreferrer noopener\">pour&nbsp; visiter&nbsp; le&nbsp; site disciplinaire)<\/a><\/strong><\/p>\n\n\n\n<p><a href=\"https:\/\/www.lycee-pasteur.fr\/images\/pasteur-62\/formations\/plaquettes\/JPO-Flyer-EEC.pdf\" target=\"_blank\" rel=\"noreferrer noopener\">T\u00e9l\u00e9charger&nbsp; &nbsp;le&nbsp; Flyer<\/a><\/p>\n\n\n\n<p>Le <strong>BTS MEC<\/strong>&nbsp;est un dipl\u00f4me national de niveau III permettant de former des&nbsp;<strong>techniciens sup\u00e9rieurs sp\u00e9cialistes de la construction et de l\u2019\u00e9tude de prix dans le secteur du b\u00e2timent et des VRD<\/strong>&nbsp;(voirie r\u00e9seaux divers). <strong>Ce BTS est propos\u00e9 par la voie scolaire ou en apprentissage<\/strong>.<img decoding=\"async\" alt=\"BTS EEC \u00c9tudes \u00c9conomie Construction lyc\u00e9e Pasteur Acad\u00e9mie de Lille\" src=\"https:\/\/www.lycee-pasteur.fr\/images\/pasteur-62\/formations\/bts\/btseec2.jpg\" width=\"360\"><\/p>\n\n\n\n<p>Le technicien sup\u00e9rieur Management \u00c9conomique&nbsp;&nbsp;de la Construction peut exercer des missions :<\/p>\n\n\n\n<ul class=\"wp-block-list\"><li>d\u2019assistance technique&nbsp;et \u00e9conomique au client constructeur,<\/li><li>de conception technique et de cadrage \u00e9conomique des projets,<\/li><li>de pr\u00e9paration et de suivi des march\u00e9s des entreprises,<\/li><li>d\u2019assistance \u00e0 expertise amiable et judiciaire.<\/li><\/ul>\n\n\n\n<p><strong>La formation <\/strong>permet d\u2019aborder tous les aspects d\u2019un projet de construction du domaine du b\u00e2timent,&nbsp;sous les aspects techniques et \u00e9conomiques :<\/p>\n\n\n\n<figure class=\"wp-block-embed is-provider-youtube wp-block-embed-youtube wp-embed-aspect-4-3 wp-has-aspect-ratio\"><div class=\"wp-block-embed__wrapper\">\n<iframe loading=\"lazy\" title=\"LE METIER D&#039;ECONOMISTE lyc\u00e9e Louis Pasteur Henin-Beaumont\" width=\"1333\" height=\"1000\" src=\"https:\/\/www.youtube.com\/embed\/g43PTpT0Cyg?feature=oembed\" frameborder=\"0\" allow=\"accelerometer; autoplay; clipboard-write; encrypted-media; gyroscope; picture-in-picture; web-share\" allowfullscreen><\/iframe>\n<\/div><\/figure>\n\n\n\n<ul class=\"wp-block-list\"><li>r\u00e9flexion pr\u00e9alable du client sur ses besoins, son budget et son financement,<\/li><li>conception technique de l\u2019ouvrage (hors architecture), cadrage \u00e9conomique,<\/li><li>pr\u00e9paration des march\u00e9s de construction,<\/li><li>pr\u00e9visions de travaux et de co\u00fbts de r\u00e9alisation,<\/li><li>suivi de l\u2019ex\u00e9cution et du budget,<\/li><li>contr\u00f4les de conformit\u00e9,<\/li><li>facturations et paiements,<\/li><li>maintenance et co\u00fbts d\u2019exploitation.<\/li><\/ul>\n\n\n\n<p><strong>sous toutes ses facettes :<\/strong><\/p>\n\n\n\n<ul class=\"wp-block-list\"><li>le gros \u0153uvre et les structures (m\u00e9tal bois, b\u00e9ton, ma\u00e7onnerie),<\/li><li>la charpente et la couverture,<\/li><li>les fa\u00e7ades,<\/li><li>l\u2019am\u00e9nagement des locaux (cloisons, sols, plafonds,\u2026),<\/li><li>les \u00e9quipements techniques (chauffage, plomberie, \u00e9lectricit\u00e9\u2026),<\/li><li>&nbsp;les finitions,<\/li><li>les am\u00e9nagements ext\u00e9rieurs.<\/li><\/ul>\n\n\n\n<p><strong>en int\u00e9grant les pr\u00e9occupations des usagers :<\/strong><\/p>\n\n\n\n<ul class=\"wp-block-list\"><li>confort thermique et acoustique,<\/li><li>s\u00e9curit\u00e9,<\/li><li>impact environnemental,<\/li><li>accessibilit\u00e9\u2026<\/li><\/ul>\n","protected":false},"excerpt":{"rendered":"<p>https:\/\/youtu.be\/WCButE-bX-M Des&nbsp; Questions ?&nbsp; suivez&nbsp; les liens&nbsp; ci-dessous T\u00e9l\u00e9charger&nbsp; les attendus du BTS&nbsp; MEC :&nbsp; (T\u00e9l\u00e9charger) (pour&nbsp; visiter&nbsp; le&nbsp; site disciplinaire) T\u00e9l\u00e9charger&nbsp; &nbsp;le&nbsp; Flyer Le BTS MEC&nbsp;est un dipl\u00f4me national de niveau III permettant de former des&nbsp;techniciens sup\u00e9rieurs sp\u00e9cialistes de la construction et de l\u2019\u00e9tude de prix dans le secteur du b\u00e2timent et des VRD&nbsp;(voirie [&hellip;]<\/p>\n","protected":false},"author":1,"featured_media":0,"parent":0,"menu_order":0,"comment_status":"closed","ping_status":"closed","template":"","meta":{"footnotes":""},"class_list":["post-179","page","type-page","status-publish","hentry"],"blocksy_meta":[],"_links":{"self":[{"href":"https:\/\/www.lycee-pasteur.fr\/index.php?rest_route=\/wp\/v2\/pages\/179","targetHints":{"allow":["GET"]}}],"collection":[{"href":"https:\/\/www.lycee-pasteur.fr\/index.php?rest_route=\/wp\/v2\/pages"}],"about":[{"href":"https:\/\/www.lycee-pasteur.fr\/index.php?rest_route=\/wp\/v2\/types\/page"}],"author":[{"embeddable":true,"href":"https:\/\/www.lycee-pasteur.fr\/index.php?rest_route=\/wp\/v2\/users\/1"}],"replies":[{"embeddable":true,"href":"https:\/\/www.lycee-pasteur.fr\/index.php?rest_route=%2Fwp%2Fv2%2Fcomments&post=179"}],"version-history":[{"count":3,"href":"https:\/\/www.lycee-pasteur.fr\/index.php?rest_route=\/wp\/v2\/pages\/179\/revisions"}],"predecessor-version":[{"id":184,"href":"https:\/\/www.lycee-pasteur.fr\/index.php?rest_route=\/wp\/v2\/pages\/179\/revisions\/184"}],"wp:attachment":[{"href":"https:\/\/www.lycee-pasteur.fr\/index.php?rest_route=%2Fwp%2Fv2%2Fmedia&parent=179"}],"curies":[{"name":"wp","href":"https:\/\/api.w.org\/{rel}","templated":true}]}}