{"id":18,"date":"2022-01-17T12:41:46","date_gmt":"2022-01-17T11:41:46","guid":{"rendered":"http:\/\/93.7.96.10\/?page_id=18"},"modified":"2022-01-17T12:41:46","modified_gmt":"2022-01-17T11:41:46","slug":"charte-informatique-du-lycee-pasteur","status":"publish","type":"page","link":"https:\/\/www.lycee-pasteur.fr\/?page_id=18","title":{"rendered":"Charte informatique du lyc\u00e9e PASTEUR"},"content":{"rendered":"\n<p>L\u2019utilisation par les \u00e9l\u00e8ves du mat\u00e9riel informatique et des logiciels au Lyc\u00e9e Pasteur s\u2019inscrit exclusivement dans un cadre p\u00e9dagogique et \u00e9ducatif conform\u00e9ment aux missions de l\u2019\u00c9ducation nationale.<\/p>\n\n\n\n<p>Les \u00e9l\u00e8ves doivent respecter le mat\u00e9riel et les r\u00e8gles d\u2019utilisation. Les contrevenants pourront se voir interdire l\u2019acc\u00e8s aux salles informatiques.<\/p>\n\n\n\n<div class=\"wp-block-image is-style-rounded\"><figure class=\"alignright size-full\"><img loading=\"lazy\" decoding=\"async\" width=\"500\" height=\"382\" src=\"http:\/\/93.7.96.10\/wp-content\/uploads\/2022\/01\/bts-eec2.jpg\" alt=\"\" class=\"wp-image-19\" srcset=\"https:\/\/www.lycee-pasteur.fr\/wp-content\/uploads\/2022\/01\/bts-eec2.jpg 500w, https:\/\/www.lycee-pasteur.fr\/wp-content\/uploads\/2022\/01\/bts-eec2-300x229.jpg 300w\" sizes=\"auto, (max-width: 500px) 100vw, 500px\" \/><\/figure><\/div>\n\n\n\n<h3 class=\"wp-block-heading\">Utilisation du mat\u00e9riel informatique et responsabilit\u00e9s<\/h3>\n\n\n\n<ul class=\"wp-block-list\"><li>En d\u00e9but de s\u00e9ance, le professeur responsable v\u00e9rifie l\u2019int\u00e9grit\u00e9 des diff\u00e9rents postes informatiques de la salle et affecte les \u00e9l\u00e8ves aux ordinateurs. \u00c0 partir de ce moment, les \u00e9l\u00e8ves ne doivent travailler que sur le poste qui leur a \u00e9t\u00e9 attribu\u00e9. Les \u00e9l\u00e8ves sont inform\u00e9s sur le fait qu\u2019ils sont responsables de leur poste et que si en fin de s\u00e9ance une d\u00e9gradation ou une disparition de mat\u00e9riel y est constat\u00e9e, ils seront sanctionn\u00e9s, l\u2019\u00e9tablissement se r\u00e9servant le droit de poursuivre l\u2019auteur des faits devant les juridictions comp\u00e9tentes.<\/li><li>Les ordinateurs travaillent en r\u00e9seau sur le domaine p\u00e9dagogique PASTEUR. Chaque \u00e9l\u00e8ve y dispose d\u2019un compte personnel (nom d\u2019utilisateur + mot de passe) et doit s\u2019y connecter pour acc\u00e9der \u00e0 son espace de travail.<\/li><li>Les \u00e9l\u00e8ves doivent s\u2019en tenir aux seules consignes de travail donn\u00e9es par leur professeur. En aucun cas, ils ne doivent essayer de modifier la configuration mat\u00e9rielle ou logicielle et les param\u00e8tres syst\u00e8me de leur poste. Seuls les responsables informatiques y sont habilit\u00e9s.<\/li><li>Sauf consigne du professeur et afin de limiter la propagation des virus informatiques, les \u00e9l\u00e8ves ne sont pas autoris\u00e9s \u00e0 utiliser des supports amovibles personnels (cl\u00e9 USB, CD, DVD, disque dur externe).<\/li><li>En aucun cas, le lyc\u00e9e ne saurait-\u00eatre tenu pour responsable de la perte des donn\u00e9es des utilisateurs en cas de panne.<\/li><li>Les \u00e9l\u00e8ves ne peuvent imprimer un document qu\u2019avec l\u2019accord et sous le contr\u00f4le de leur professeur.<\/li><li>Tout probl\u00e8me technique informatique (mat\u00e9riel ou logiciel) doit \u00eatre signal\u00e9 au professeur qui pourra faire appel si n\u00e9cessaire aux techniciens informatiques du lyc\u00e9e.<\/li><li>Les salles informatiques doivent \u00eatre tenues dans un parfait \u00e9tat d\u2019ordre et de propret\u00e9. En fin de s\u00e9ance, les \u00e9l\u00e8ves \u00e9teignent leur ordinateur, doivent ranger leur poste de travail (chaises remises en place, papiers usag\u00e9s et d\u00e9chets mis \u00e0 la corbeille) et attendent l\u2019autorisation du professeur pour sortir de la salle et ce dans le calme.<\/li><\/ul>\n\n\n\n<h3 class=\"wp-block-heading\">Internet<\/h3>\n\n\n\n<ul class=\"wp-block-list\"><li>L\u2019usage du r\u00e9seau Internet est r\u00e9serv\u00e9 \u00e0 des activit\u00e9s d\u2019enseignement r\u00e9pondant aux missions de l\u2019\u00c9ducation nationale.<\/li><li>Pour des raisons de s\u00e9curit\u00e9, afin d\u2019\u00e9viter que les \u00e9l\u00e8ves n\u2019aient acc\u00e8s \u00e0 des informations de nature douteuse, la consultation des sites se fait sous la responsabilit\u00e9 et le contr\u00f4le du professeur.<\/li><li>Aucun syst\u00e8me de filtrage n\u2019\u00e9tant parfait, l\u2019\u00e9tablissement ne peut \u00eatre tenu responsable de la non validit\u00e9 des documents consult\u00e9s.<\/li><li>Le lyc\u00e9e se r\u00e9serve la possibilit\u00e9 de contr\u00f4ler les sites visit\u00e9s par les \u00e9l\u00e8ves et de s\u2019assurer que l\u2019utilisation du service Internet reste conforme \u00e0 la l\u00e9gislation en vigueur et aux objectifs p\u00e9dagogiques ou \u00e9ducatifs.<\/li><li>Le lyc\u00e9e dispose d\u2019un ENT (Espace Num\u00e9rique de Travail ) qui pr\u00e9sente les principales informations et actualit\u00e9s de l\u2019\u00e9tablissement. Le lien vers Pronote&nbsp; permet aux \u00e9l\u00e8ves (et aux parents) de consulter leurs donn\u00e9es scolaires (bulletins et relev\u00e9s de notes, \u00e9tat des absences et retards, emploi du temps et cahier de textes de la classe). Chaque \u00e9l\u00e8ve se verra remettre, en temps utile, son identifiant personnel de connexion&nbsp; permettant d\u2019y avoir acc\u00e8s.<\/li><\/ul>\n\n\n\n<h3 class=\"wp-block-heading\">Sanctions<\/h3>\n\n\n\n<p>Le non respect des principes \u00e9tablis ou rappel\u00e9s dans ce document pourra donner lieu \u00e0 :<\/p>\n\n\n\n<ul class=\"wp-block-list\"><li>une limitation voire une interdiction compl\u00e8te d\u2019acc\u00e8s aux ordinateurs de l\u2019\u00e9tablissement,<\/li><li>des sanctions disciplinaires pr\u00e9vues dans le r\u00e8glement int\u00e9rieur de l\u2019\u00e9tablissement,<\/li><li>des condamnations civiles et p\u00e9nales pr\u00e9vues par les textes l\u00e9gislatifs et r\u00e9glementaires en vigueur<\/li><\/ul>\n","protected":false},"excerpt":{"rendered":"<p>L\u2019utilisation par les \u00e9l\u00e8ves du mat\u00e9riel informatique et des logiciels au Lyc\u00e9e Pasteur s\u2019inscrit exclusivement dans un cadre p\u00e9dagogique et \u00e9ducatif conform\u00e9ment aux missions de l\u2019\u00c9ducation nationale. Les \u00e9l\u00e8ves doivent respecter le mat\u00e9riel et les r\u00e8gles d\u2019utilisation. Les contrevenants pourront se voir interdire l\u2019acc\u00e8s aux salles informatiques. Utilisation du mat\u00e9riel informatique et responsabilit\u00e9s En d\u00e9but [&hellip;]<\/p>\n","protected":false},"author":1,"featured_media":0,"parent":0,"menu_order":0,"comment_status":"closed","ping_status":"closed","template":"","meta":{"footnotes":""},"class_list":["post-18","page","type-page","status-publish","hentry"],"blocksy_meta":[],"_links":{"self":[{"href":"https:\/\/www.lycee-pasteur.fr\/index.php?rest_route=\/wp\/v2\/pages\/18","targetHints":{"allow":["GET"]}}],"collection":[{"href":"https:\/\/www.lycee-pasteur.fr\/index.php?rest_route=\/wp\/v2\/pages"}],"about":[{"href":"https:\/\/www.lycee-pasteur.fr\/index.php?rest_route=\/wp\/v2\/types\/page"}],"author":[{"embeddable":true,"href":"https:\/\/www.lycee-pasteur.fr\/index.php?rest_route=\/wp\/v2\/users\/1"}],"replies":[{"embeddable":true,"href":"https:\/\/www.lycee-pasteur.fr\/index.php?rest_route=%2Fwp%2Fv2%2Fcomments&post=18"}],"version-history":[{"count":1,"href":"https:\/\/www.lycee-pasteur.fr\/index.php?rest_route=\/wp\/v2\/pages\/18\/revisions"}],"predecessor-version":[{"id":20,"href":"https:\/\/www.lycee-pasteur.fr\/index.php?rest_route=\/wp\/v2\/pages\/18\/revisions\/20"}],"wp:attachment":[{"href":"https:\/\/www.lycee-pasteur.fr\/index.php?rest_route=%2Fwp%2Fv2%2Fmedia&parent=18"}],"curies":[{"name":"wp","href":"https:\/\/api.w.org\/{rel}","templated":true}]}}