{"id":199,"date":"2022-08-17T11:39:58","date_gmt":"2022-08-17T09:39:58","guid":{"rendered":"http:\/\/93.7.96.10\/?page_id=199"},"modified":"2022-08-17T11:39:58","modified_gmt":"2022-08-17T09:39:58","slug":"le-bts-travaux-publics","status":"publish","type":"page","link":"https:\/\/www.lycee-pasteur.fr\/?page_id=199","title":{"rendered":"Le BTS TRAVAUX PUBLICS"},"content":{"rendered":"\n<figure class=\"wp-block-image size-full is-resized is-style-rounded\"><img loading=\"lazy\" decoding=\"async\" src=\"http:\/\/93.7.96.10\/wp-content\/uploads\/2022\/08\/bts-tp.png\" alt=\"\" class=\"wp-image-200\" width=\"835\" height=\"337\" srcset=\"https:\/\/www.lycee-pasteur.fr\/wp-content\/uploads\/2022\/08\/bts-tp.png 992w, https:\/\/www.lycee-pasteur.fr\/wp-content\/uploads\/2022\/08\/bts-tp-300x121.png 300w, https:\/\/www.lycee-pasteur.fr\/wp-content\/uploads\/2022\/08\/bts-tp-768x310.png 768w\" sizes=\"auto, (max-width: 835px) 100vw, 835px\" \/><\/figure>\n\n\n\n<h5 class=\"wp-block-heading\"><strong><a href=\"https:\/\/www.lycee-pasteur.fr\/bts-travaux-public-ferroviaire#\">Le m\u00e9tier<\/a><\/strong><\/h5>\n\n\n\n<p>\u00ab\u00a0Vous souhaitez obtenir plus d&rsquo;information ou pr\u00e9parer une rencontre avec les professeurs de l&rsquo;\u00e9quipe du BTS Travaux Publics ?<\/p>\n\n\n\n<p><strong><a href=\"https:\/\/webquest.fr\/?m=99951_journees-portes-ouvertes---23012021---sts-tp---lycee-pasteur\" target=\"_blank\" rel=\"noreferrer noopener\">Merci de compl\u00e9ter le formulaire suivant :<\/a><\/strong><\/p>\n\n\n\n<p>Le&nbsp;titulaire&nbsp;de&nbsp;ce&nbsp;BTS&nbsp;assure&nbsp;l\u2019interface&nbsp;entre&nbsp;le&nbsp;chantier,&nbsp;les&nbsp;clients, les&nbsp;fournisseurs&nbsp;et&nbsp;la&nbsp;hi\u00e9rarchie&nbsp;de&nbsp;l\u2019entreprise.&nbsp;Il&nbsp;est&nbsp;capable&nbsp;de remplir&nbsp;les&nbsp;fonctions&nbsp;suivantes&nbsp;:<\/p>\n\n\n\n<p>\u2022&nbsp;\u00c9tudes&nbsp;:&nbsp;il&nbsp;m\u00e8ne&nbsp;les&nbsp;\u00e9tudes&nbsp;techniques&nbsp;et&nbsp;\u00e9conomiques d\u2019un&nbsp;ouvrage&nbsp;;<\/p>\n\n\n\n<p>\u2022&nbsp;Exploitation&nbsp;:&nbsp;il&nbsp;participe&nbsp;\u00e0&nbsp;la&nbsp;pr\u00e9paration&nbsp;du&nbsp;chantier.&nbsp;Il&nbsp;en r\u00e9alise&nbsp;le&nbsp;budget&nbsp;pr\u00e9visionnel&nbsp;;<\/p>\n\n\n\n<p>\u2022&nbsp;Pr\u00e9paration&nbsp;:&nbsp;il&nbsp;choisit&nbsp;les&nbsp;moyens&nbsp;humains,&nbsp;les&nbsp;mat\u00e9riels&nbsp;et les&nbsp;mat\u00e9riaux.&nbsp;Il&nbsp;am\u00e9liore&nbsp;les&nbsp;conditions&nbsp;techniques&nbsp;et&nbsp;\u00e9conomiques du&nbsp;chantier.&nbsp;Il&nbsp;effectue&nbsp;les&nbsp;d\u00e9marches&nbsp;administratives,&nbsp;\u00e9labore&nbsp;le budget,&nbsp;\u00e9tablit&nbsp;le&nbsp;plan&nbsp;d\u2019hygi\u00e8ne&nbsp;et&nbsp;de&nbsp;s\u00e9curit\u00e9&nbsp;;<\/p>\n\n\n\n<p>\u2022&nbsp;R\u00e9alisation&nbsp;:&nbsp;il&nbsp;conduit&nbsp;les&nbsp;travaux&nbsp;du&nbsp;chantier&nbsp;jusqu\u2019\u00e0&nbsp;leur r\u00e9ception&nbsp;suivant&nbsp;le&nbsp;cahier&nbsp;des&nbsp;charges,&nbsp;contr\u00f4le&nbsp;et&nbsp;anime&nbsp;des \u00e9quipes,&nbsp;assure&nbsp;les&nbsp;relations&nbsp;avec&nbsp;le&nbsp;ma\u00eetre&nbsp;d\u2019\u0153uvre&nbsp;et&nbsp;les&nbsp;organismes ext\u00e9rieurs.&nbsp;Il&nbsp;sait&nbsp;tenir&nbsp;compte&nbsp;des&nbsp;imp\u00e9ratifs&nbsp;de&nbsp;qualit\u00e9,&nbsp;de&nbsp;co\u00fbt,&nbsp;de s\u00e9curit\u00e9.&nbsp;Le&nbsp;technicien&nbsp;sup\u00e9rieur&nbsp;peut&nbsp;avoir&nbsp;des&nbsp;activit\u00e9s commerciales,&nbsp;comme&nbsp;la&nbsp;recherche&nbsp;de&nbsp;clients.&nbsp;Il&nbsp;peut&nbsp;aussi&nbsp;assurer une&nbsp;fonction&nbsp;de&nbsp;conseil,&nbsp;en&nbsp;particulier&nbsp;aupr\u00e8s&nbsp;des&nbsp;d\u00e9cideurs r\u00e9gionaux.<\/p>\n\n\n\n<h5 class=\"wp-block-heading\"><strong><a href=\"https:\/\/www.lycee-pasteur.fr\/bts-travaux-public-ferroviaire#\">Formation<\/a><\/strong><\/h5>\n\n\n\n<h5 class=\"wp-block-heading\"><strong><a href=\"https:\/\/www.lycee-pasteur.fr\/bts-travaux-public-ferroviaire#\">Les conditions d&rsquo;acc\u00e8s \u00e0 la formation<\/a><\/strong><\/h5>\n\n\n\n<ul class=\"wp-block-list\"><li>L&rsquo;APPRENTISSAGE<ul><li>Le CFA acad\u00e9mique<\/li><li>Fonctionnement apprentissage<\/li><li>L&rsquo;apprentissage au Lyc\u00e9e Pasteur<\/li><\/ul><\/li><\/ul>\n","protected":false},"excerpt":{"rendered":"<p>Le m\u00e9tier \u00ab\u00a0Vous souhaitez obtenir plus d&rsquo;information ou pr\u00e9parer une rencontre avec les professeurs de l&rsquo;\u00e9quipe du BTS Travaux Publics ? Merci de compl\u00e9ter le formulaire suivant : Le&nbsp;titulaire&nbsp;de&nbsp;ce&nbsp;BTS&nbsp;assure&nbsp;l\u2019interface&nbsp;entre&nbsp;le&nbsp;chantier,&nbsp;les&nbsp;clients, les&nbsp;fournisseurs&nbsp;et&nbsp;la&nbsp;hi\u00e9rarchie&nbsp;de&nbsp;l\u2019entreprise.&nbsp;Il&nbsp;est&nbsp;capable&nbsp;de remplir&nbsp;les&nbsp;fonctions&nbsp;suivantes&nbsp;: \u2022&nbsp;\u00c9tudes&nbsp;:&nbsp;il&nbsp;m\u00e8ne&nbsp;les&nbsp;\u00e9tudes&nbsp;techniques&nbsp;et&nbsp;\u00e9conomiques d\u2019un&nbsp;ouvrage&nbsp;; \u2022&nbsp;Exploitation&nbsp;:&nbsp;il&nbsp;participe&nbsp;\u00e0&nbsp;la&nbsp;pr\u00e9paration&nbsp;du&nbsp;chantier.&nbsp;Il&nbsp;en r\u00e9alise&nbsp;le&nbsp;budget&nbsp;pr\u00e9visionnel&nbsp;; \u2022&nbsp;Pr\u00e9paration&nbsp;:&nbsp;il&nbsp;choisit&nbsp;les&nbsp;moyens&nbsp;humains,&nbsp;les&nbsp;mat\u00e9riels&nbsp;et les&nbsp;mat\u00e9riaux.&nbsp;Il&nbsp;am\u00e9liore&nbsp;les&nbsp;conditions&nbsp;techniques&nbsp;et&nbsp;\u00e9conomiques du&nbsp;chantier.&nbsp;Il&nbsp;effectue&nbsp;les&nbsp;d\u00e9marches&nbsp;administratives,&nbsp;\u00e9labore&nbsp;le budget,&nbsp;\u00e9tablit&nbsp;le&nbsp;plan&nbsp;d\u2019hygi\u00e8ne&nbsp;et&nbsp;de&nbsp;s\u00e9curit\u00e9&nbsp;; \u2022&nbsp;R\u00e9alisation&nbsp;:&nbsp;il&nbsp;conduit&nbsp;les&nbsp;travaux&nbsp;du&nbsp;chantier&nbsp;jusqu\u2019\u00e0&nbsp;leur r\u00e9ception&nbsp;suivant&nbsp;le&nbsp;cahier&nbsp;des&nbsp;charges,&nbsp;contr\u00f4le&nbsp;et&nbsp;anime&nbsp;des \u00e9quipes,&nbsp;assure&nbsp;les&nbsp;relations&nbsp;avec&nbsp;le&nbsp;ma\u00eetre&nbsp;d\u2019\u0153uvre&nbsp;et&nbsp;les&nbsp;organismes ext\u00e9rieurs.&nbsp;Il&nbsp;sait&nbsp;tenir&nbsp;compte&nbsp;des&nbsp;imp\u00e9ratifs&nbsp;de&nbsp;qualit\u00e9,&nbsp;de&nbsp;co\u00fbt,&nbsp;de s\u00e9curit\u00e9.&nbsp;Le&nbsp;technicien&nbsp;sup\u00e9rieur&nbsp;peut&nbsp;avoir&nbsp;des&nbsp;activit\u00e9s commerciales,&nbsp;comme&nbsp;la&nbsp;recherche&nbsp;de&nbsp;clients.&nbsp;Il&nbsp;peut&nbsp;aussi&nbsp;assurer une&nbsp;fonction&nbsp;de&nbsp;conseil,&nbsp;en&nbsp;particulier&nbsp;aupr\u00e8s&nbsp;des&nbsp;d\u00e9cideurs r\u00e9gionaux. Formation Les conditions d&rsquo;acc\u00e8s \u00e0 la formation L&rsquo;APPRENTISSAGE [&hellip;]<\/p>\n","protected":false},"author":1,"featured_media":0,"parent":0,"menu_order":0,"comment_status":"closed","ping_status":"closed","template":"","meta":{"footnotes":""},"class_list":["post-199","page","type-page","status-publish","hentry"],"blocksy_meta":[],"_links":{"self":[{"href":"https:\/\/www.lycee-pasteur.fr\/index.php?rest_route=\/wp\/v2\/pages\/199","targetHints":{"allow":["GET"]}}],"collection":[{"href":"https:\/\/www.lycee-pasteur.fr\/index.php?rest_route=\/wp\/v2\/pages"}],"about":[{"href":"https:\/\/www.lycee-pasteur.fr\/index.php?rest_route=\/wp\/v2\/types\/page"}],"author":[{"embeddable":true,"href":"https:\/\/www.lycee-pasteur.fr\/index.php?rest_route=\/wp\/v2\/users\/1"}],"replies":[{"embeddable":true,"href":"https:\/\/www.lycee-pasteur.fr\/index.php?rest_route=%2Fwp%2Fv2%2Fcomments&post=199"}],"version-history":[{"count":1,"href":"https:\/\/www.lycee-pasteur.fr\/index.php?rest_route=\/wp\/v2\/pages\/199\/revisions"}],"predecessor-version":[{"id":201,"href":"https:\/\/www.lycee-pasteur.fr\/index.php?rest_route=\/wp\/v2\/pages\/199\/revisions\/201"}],"wp:attachment":[{"href":"https:\/\/www.lycee-pasteur.fr\/index.php?rest_route=%2Fwp%2Fv2%2Fmedia&parent=199"}],"curies":[{"name":"wp","href":"https:\/\/api.w.org\/{rel}","templated":true}]}}