{"id":535,"date":"2023-05-31T12:50:32","date_gmt":"2023-05-31T10:50:32","guid":{"rendered":"https:\/\/www.lycee-pasteur.fr\/?page_id=535"},"modified":"2023-05-31T21:01:32","modified_gmt":"2023-05-31T19:01:32","slug":"le-bts-batiment","status":"publish","type":"page","link":"https:\/\/www.lycee-pasteur.fr\/?page_id=535","title":{"rendered":"LE BTS B\u00c2TIMENT"},"content":{"rendered":"<p><strong>T\u00e9l\u00e9charger le triptyque\u00a0<a href=\"https:\/\/www.lycee-pasteur.fr\/wp-content\/uploads\/2023\/05\/Triptyque-UFA-Pasteur_Ba\u0302timent.pdf\"> ici<\/a><\/strong><\/p>\n<p>&nbsp;<\/p>\n<a href=\"https:\/\/www.lycee-pasteur.fr\/wp-content\/uploads\/2023\/05\/Triptyque-UFA-Pasteur_Ba\u0302timent.pdf\" class=\"pdfemb-viewer\" style=\"\" data-width=\"max\" data-height=\"max\" data-toolbar=\"bottom\" data-toolbar-fixed=\"off\">Triptyque - UFA Pasteur_Ba\u0302timent<\/a>\n<p>&nbsp;<\/p>\n<p>&nbsp;<\/p>\n","protected":false},"excerpt":{"rendered":"<p>T\u00e9l\u00e9charger le triptyque\u00a0 ici &nbsp; &nbsp; &nbsp;<\/p>\n","protected":false},"author":1,"featured_media":0,"parent":0,"menu_order":0,"comment_status":"closed","ping_status":"closed","template":"","meta":{"footnotes":""},"class_list":["post-535","page","type-page","status-publish","hentry"],"blocksy_meta":[],"_links":{"self":[{"href":"https:\/\/www.lycee-pasteur.fr\/index.php?rest_route=\/wp\/v2\/pages\/535","targetHints":{"allow":["GET"]}}],"collection":[{"href":"https:\/\/www.lycee-pasteur.fr\/index.php?rest_route=\/wp\/v2\/pages"}],"about":[{"href":"https:\/\/www.lycee-pasteur.fr\/index.php?rest_route=\/wp\/v2\/types\/page"}],"author":[{"embeddable":true,"href":"https:\/\/www.lycee-pasteur.fr\/index.php?rest_route=\/wp\/v2\/users\/1"}],"replies":[{"embeddable":true,"href":"https:\/\/www.lycee-pasteur.fr\/index.php?rest_route=%2Fwp%2Fv2%2Fcomments&post=535"}],"version-history":[{"count":9,"href":"https:\/\/www.lycee-pasteur.fr\/index.php?rest_route=\/wp\/v2\/pages\/535\/revisions"}],"predecessor-version":[{"id":550,"href":"https:\/\/www.lycee-pasteur.fr\/index.php?rest_route=\/wp\/v2\/pages\/535\/revisions\/550"}],"wp:attachment":[{"href":"https:\/\/www.lycee-pasteur.fr\/index.php?rest_route=%2Fwp%2Fv2%2Fmedia&parent=535"}],"curies":[{"name":"wp","href":"https:\/\/api.w.org\/{rel}","templated":true}]}}