{"id":64,"date":"2022-01-18T13:21:59","date_gmt":"2022-01-18T12:21:59","guid":{"rendered":"http:\/\/93.7.96.10\/?page_id=64"},"modified":"2023-02-02T10:34:02","modified_gmt":"2023-02-02T09:34:02","slug":"lunss-lassociation-sportive","status":"publish","type":"page","link":"https:\/\/www.lycee-pasteur.fr\/?page_id=64","title":{"rendered":"L&rsquo;UNSS, L&rsquo;ASSOCIATION SPORTIVE"},"content":{"rendered":"\r\n<div class=\"wp-block-image is-style-rounded\"><figure class=\"alignright is-resized\"><img loading=\"lazy\" decoding=\"async\" src=\"https:\/\/www.lycee-pasteur.fr\/wp-content\/uploads\/2023\/02\/20230202_084230.jpg\" alt=\"Musculation au lyc\u00e9e Louis Pasteur H\u00e9nin Beaumont\" width=\"306\" height=\"306\"\/><\/figure><\/div>\r\n\r\n\r\n\r\n<p>Dans le cadre de l\u2019union nationale du sport scolaire (UNSS), l\u2019association sportive du lyc\u00e9e Pasteur veut promouvoir le sport scolaire pour le bien \u00eat!re de tous les \u00e9l\u00e8ves.<\/p>\r\n\r\n\r\n\r\n<p>Une Association Sportive qui s\u2019adresse \u00e0 tout le monde et \u00e0 toutes les attentes.<\/p>\r\n\r\n\r\n\r\n<p>L\u2019Association Sportive est ouverte \u00e0 tous les \u00e9l\u00e8ves et \u00e9tudiants du lyc\u00e9e Pasteur. Chaque activit\u00e9 est encadr\u00e9e par un professeur d\u2019EPS.<\/p>\r\n\r\n\r\n\r\n<h3 class=\"wp-block-heading\">Activit\u00e9s<\/h3>\r\n\r\n\r\n\r\n<p>Les activit\u00e9s sont nombreuses afin de r\u00e9pondre au go\u00fbt de chacun :<\/p>\r\n\r\n\r\n\r\n<ul class=\"wp-block-list\"><li>badminton,<\/li><li>tennis de Table,<\/li><li>escalade,<\/li><li>musculation,<\/li><li>football,<\/li><li>natation&#8230;<\/li><\/ul>\r\n","protected":false},"excerpt":{"rendered":"<p>Dans le cadre de l\u2019union nationale du sport scolaire (UNSS), l\u2019association sportive du lyc\u00e9e Pasteur veut promouvoir le sport scolaire pour le bien \u00eat!re de tous les \u00e9l\u00e8ves. Une Association Sportive qui s\u2019adresse \u00e0 tout le monde et \u00e0 toutes les attentes. L\u2019Association Sportive est ouverte \u00e0 tous les \u00e9l\u00e8ves et \u00e9tudiants du lyc\u00e9e Pasteur. [&hellip;]<\/p>\n","protected":false},"author":1,"featured_media":0,"parent":0,"menu_order":0,"comment_status":"closed","ping_status":"closed","template":"","meta":{"footnotes":""},"class_list":["post-64","page","type-page","status-publish","hentry"],"blocksy_meta":[],"_links":{"self":[{"href":"https:\/\/www.lycee-pasteur.fr\/index.php?rest_route=\/wp\/v2\/pages\/64","targetHints":{"allow":["GET"]}}],"collection":[{"href":"https:\/\/www.lycee-pasteur.fr\/index.php?rest_route=\/wp\/v2\/pages"}],"about":[{"href":"https:\/\/www.lycee-pasteur.fr\/index.php?rest_route=\/wp\/v2\/types\/page"}],"author":[{"embeddable":true,"href":"https:\/\/www.lycee-pasteur.fr\/index.php?rest_route=\/wp\/v2\/users\/1"}],"replies":[{"embeddable":true,"href":"https:\/\/www.lycee-pasteur.fr\/index.php?rest_route=%2Fwp%2Fv2%2Fcomments&post=64"}],"version-history":[{"count":3,"href":"https:\/\/www.lycee-pasteur.fr\/index.php?rest_route=\/wp\/v2\/pages\/64\/revisions"}],"predecessor-version":[{"id":484,"href":"https:\/\/www.lycee-pasteur.fr\/index.php?rest_route=\/wp\/v2\/pages\/64\/revisions\/484"}],"wp:attachment":[{"href":"https:\/\/www.lycee-pasteur.fr\/index.php?rest_route=%2Fwp%2Fv2%2Fmedia&parent=64"}],"curies":[{"name":"wp","href":"https:\/\/api.w.org\/{rel}","templated":true}]}}