{"id":94,"date":"2022-07-06T09:22:23","date_gmt":"2022-07-06T07:22:23","guid":{"rendered":"http:\/\/93.7.96.10\/?page_id=94"},"modified":"2022-07-06T09:24:14","modified_gmt":"2022-07-06T07:24:14","slug":"les-enseignements-optionnels-en-classe-de-seconde","status":"publish","type":"page","link":"https:\/\/www.lycee-pasteur.fr\/?page_id=94","title":{"rendered":"Les enseignements Optionnels\u00a0 en classe de seconde"},"content":{"rendered":"\n<p><\/p>\n\n\n\n<h5 class=\"wp-block-heading\"><strong>Section europ\u00e9enne&nbsp;:<\/strong><br>Le lyc\u00e9e propose deux sections&nbsp;:<br>En allemand&nbsp;: une heure avec le professeur de langue vivante et une heure de discipline non linguistique, math\u00e9matiques (en allemand).<br>En anglais&nbsp;: une heure avec le professeur de langue vivante et une heure de discipline non linguistique, histoire g\u00e9ographie (en anglais).<br>Les apports de la section europ\u00e9enne sont ind\u00e9niables \u00e0 maints \u00e9gards sur le plan p\u00e9dagogique (meilleure relation entre professeurs et \u00e9l\u00e8ves notamment en raison des effectifs r\u00e9duits&nbsp;; exigence d\u2019une plus grande rigueur&nbsp;; d\u00e9cloisonnement entre les disciplines&nbsp;; r\u00e9flexion p\u00e9dagogique renouvel\u00e9e&nbsp;; ouverture sur l\u2019Europe et le monde, etc.).<br>Les sections europ\u00e9ennes du lyc\u00e9e Pasteur ont d\u00e9j\u00e0 prouv\u00e9 leur dynamisme et leur efficacit\u00e9.<br>Dans le cadre de la politique europ\u00e9enne de diversification linguistique qui pr\u00e9conise la ma\u00eetrise de deux langues \u00e9trang\u00e8res, le minist\u00e8re de l&rsquo;\u00c9ducation nationale a mis en place le Plan de r\u00e9novation de l&rsquo;enseignement des langues vivantes. Une des mesures de ce plan a \u00e9t\u00e9 de proposer, pour les \u00e9l\u00e8ves de sections europ\u00e9ennes une certification en langue vivante \u00e9trang\u00e8re adoss\u00e9e au Cadre europ\u00e9en commun de r\u00e9f\u00e9rence pour les langues (CECRL) de niveau B1 avec obtention possible du niveau A2 selon les r\u00e9sultats.<\/h5>\n\n\n\n<p>En entrant en classe de seconde, vous pouvez&nbsp;choisir un&nbsp; enseignements Optionnel qui&nbsp;viendra s\u2019ajouter aux disciplines du tronc commun.<\/p>\n\n\n\n<h3 class=\"wp-block-heading\">Enseignement Optionnel&nbsp; au choix parmi :<\/h3>\n\n\n\n<h5 class=\"wp-block-heading\"><strong><a href=\"https:\/\/www.lycee-pasteur.fr\/enseignements-optionnels#\">Sciences de l&rsquo;ing\u00e9nieur<\/a><\/strong><\/h5>\n\n\n\n<p>Les Sciences de l\u2019Ing\u00e9nieur : qu\u2019est-ce que c\u2019est ?<br>L\u2019homme doit relever des d\u00e9fis colossaux : l\u2019acc\u00e8s \u00e0 l\u2019eau, l\u2019acc\u00e8s \u00e0 l\u2019\u00e9nergie, l\u2019acc\u00e8s \u00e0 la sant\u00e9, l\u2019acc\u00e8s au transport et le d<em>mobilisent <strong>les approches scientifiques et technologiques<\/strong> et installent les \u00e9l\u00e9ments d\u2019une culture technologique. Sp\u00e9cialit\u00e9 propos\u00e9e en classe de 1<sup>\u00e8re<\/sup> g\u00e9n\u00e9rale.<\/em>roit \u00e0 un d\u00e9veloppement \u00e9quilibr\u00e9 pour tous.<\/p>\n\n\n\n<h5 class=\"wp-block-heading\"><strong><a href=\"https:\/\/www.lycee-pasteur.fr\/enseignements-optionnels#\">Cr\u00e9ation et innovation technologique<\/a><\/strong><\/h5>\n\n\n\n<p>Comprendre comment on con\u00e7oit un produit ou un syst\u00e8me technique faisant appel \u00e0 des principes innovants et r\u00e9pondant aux exigences du d\u00e9veloppement durable, tel est l&rsquo;objectif de cet enseignement. Il permet aussi d&rsquo;explorer de mani\u00e8re active, et \u00e0 partir d&rsquo;exemples concrets, plusieurs domaines techniques ainsi que les m\u00e9thodes d&rsquo;innovation.<\/p>\n\n\n\n<p><em>&nbsp;Cet&nbsp; enseignement propose aux \u00e9l\u00e8ves de d\u00e9couvrir pourquoi et comment un produit, s&rsquo;inscrit dans une \u00e9volution technologique, \u00e0 partir de quelles d\u00e9couvertes, inventions et innovations technologiques il est apparu et comment une d\u00e9marche de cr\u00e9ativit\u00e9 est indispensable au d\u00e9veloppement des innovations technologiques.<\/em><\/p>\n\n\n\n<p><em>Le lyc\u00e9e Pasteur propose le BACSTIti2D \u00e0 partir de la classe de 1<sup>\u00e8re<\/sup><\/em><\/p>\n\n\n\n<h5 class=\"wp-block-heading\"><strong><a href=\"https:\/\/www.lycee-pasteur.fr\/enseignements-optionnels#\">Sciences et laboratoire<\/a><\/strong><\/h5>\n\n\n\n<p>Les sciences exp\u00e9rimentales ont pour vocation d\u2019aider les \u00e9l\u00e8ves \u00e0 construire des comp\u00e9tences dont ils auront besoin, tout au long de leur vie, dans une soci\u00e9t\u00e9 en mutation rapide. D\u00e9velopper, d\u00e8s le lyc\u00e9e, les aptitudes \u00e0 analyser des situations complexes et les cons\u00e9quences de choix de soci\u00e9t\u00e9 impliquant les sciences, constitue aujourd\u2019hui une priorit\u00e9 de formation.<\/p>\n\n\n\n<h5 class=\"wp-block-heading\"><strong><a href=\"https:\/\/www.lycee-pasteur.fr\/enseignements-optionnels#\">Biotechnologie<\/a><\/strong><\/h5>\n\n\n\n<p>L\u2019enseignement de biotechnologie s&rsquo;int\u00e9resse :&nbsp;<br>\u2022&nbsp; \u00e0 l&rsquo;environnement,&nbsp;&nbsp;<br>\u2022&nbsp; \u00e0 la sant\u00e9,&nbsp;&nbsp;<br>\u2022&nbsp; \u00e0 la recherche et l&rsquo;industrie&nbsp;<br>&nbsp;en faisant appel aux propri\u00e9t\u00e9s du vivant&nbsp; &#8230;&nbsp;&nbsp;<br>&nbsp;<br>Autant de domaines pour d\u00e9couvrir :&nbsp;<br>\u2022&nbsp; les protocoles exp\u00e9rimentaux,&nbsp;&nbsp;<br>\u2022&nbsp; l&rsquo;utilisation de technologies de mesure&nbsp;<br>et d&rsquo;identification&nbsp;<br>\u2022&nbsp; les&nbsp; proc\u00e9d\u00e9s&nbsp; bio-industriels&nbsp; li\u00e9s&nbsp; aux&nbsp;<br>biotechnologies.&nbsp;&nbsp;<br>&nbsp;<br>On y aborde les questions de qualit\u00e9 et de s\u00e9curit\u00e9&nbsp; biologiques,&nbsp; ainsi&nbsp; que&nbsp; l&rsquo;apport&nbsp; des&nbsp;<br>sciences et des biotechnologies.&nbsp;<\/p>\n\n\n\n<p>L&rsquo;enseignement de biotechnologie offre la possibilit\u00e9 aux \u00e9l\u00e8ves de&nbsp; pratiquer&nbsp; des&nbsp; activit\u00e9s&nbsp; technologiques&nbsp; et&nbsp; informatiques&nbsp; en&nbsp; laboratoires&nbsp; de&nbsp; biotechnologies. Les comp\u00e9tences&nbsp;essentielles mises en \u0153uvre sont :&nbsp;<br>\u2022&nbsp; S&rsquo;approprier la d\u00e9marche exp\u00e9rimentale&nbsp; avec sa dimension technologique.&nbsp;<br>\u2022&nbsp; Mettre en \u0153uvre au laboratoire une manipulation de biotechnologie.&nbsp;<br>\u2022&nbsp; Utiliser&nbsp; le&nbsp; mat\u00e9riel&nbsp; selon&nbsp; les&nbsp; instructions sp\u00e9cifiques.&nbsp;<br>\u2022&nbsp; Travailler en \u00e9quipe.&nbsp;<br>\u2022&nbsp; Acqu\u00e9rir de l&rsquo;autonomie.&nbsp;<br>\u2022&nbsp; Pr\u00e9senter&nbsp; et&nbsp; interpr\u00e9ter&nbsp; des&nbsp; r\u00e9sultats&nbsp;exp\u00e9rimentaux.&nbsp;<br>\u2022&nbsp; Rendre compte \u00e0 l&rsquo;oral et \u00e0 l&rsquo;\u00e9crit de la&nbsp;d\u00e9marche et des conclusions d&rsquo;une activit\u00e9&nbsp;<br>\u2022&nbsp; Rechercher&nbsp; et&nbsp; s\u00e9lectionner&nbsp; le(s)&nbsp; document(s)<\/p>\n\n\n\n<h5 class=\"wp-block-heading\"><strong><a href=\"https:\/\/www.lycee-pasteur.fr\/enseignements-optionnels#\">Cin\u00e9ma et Audiovisuel<\/a><\/strong><\/h5>\n\n\n\n<p>L&rsquo;enseignement de cin\u00e9ma-audiovisuel en classe de seconde &nbsp;<br>(3 heures) s&rsquo;adresse \u00e0 tous les lyc\u00e9ens qui s&rsquo;int\u00e9ressent aux \u00e9critures en images et en sons, et qui sont d\u00e9sireux de s&rsquo;initier \u00e0 une culture et \u00e0 une pratique dans ce domaine. Cet enseignement ouvre des perspectives en d\u00e9veloppant la curiosit\u00e9 des \u00e9l\u00e8ves. Il peut favoriser les approches transversales par les croisements qu&rsquo;il propose avec de nombreuses disciplines relevant aussi bien des sciences que des humanit\u00e9s. Tout en restant autonome, il peut constituer un prolongement \u00e0 certains parcours suivis au coll\u00e8ge, notamment le parcours d&rsquo;\u00e9ducation artistique et culturelle, le parcours citoyen et le parcours avenir et contribue \u00e0 \u00e9clairer les \u00e9l\u00e8ves sur leur projet d\u2019orientation.<\/p>\n","protected":false},"excerpt":{"rendered":"<p>Section europ\u00e9enne&nbsp;:Le lyc\u00e9e propose deux sections&nbsp;:En allemand&nbsp;: une heure avec le professeur de langue vivante et une heure de discipline non linguistique, math\u00e9matiques (en allemand).En anglais&nbsp;: une heure avec le professeur de langue vivante et une heure de discipline non linguistique, histoire g\u00e9ographie (en anglais).Les apports de la section europ\u00e9enne sont ind\u00e9niables \u00e0 maints \u00e9gards [&hellip;]<\/p>\n","protected":false},"author":1,"featured_media":0,"parent":0,"menu_order":0,"comment_status":"closed","ping_status":"closed","template":"","meta":{"footnotes":""},"class_list":["post-94","page","type-page","status-publish","hentry"],"blocksy_meta":[],"_links":{"self":[{"href":"https:\/\/www.lycee-pasteur.fr\/index.php?rest_route=\/wp\/v2\/pages\/94","targetHints":{"allow":["GET"]}}],"collection":[{"href":"https:\/\/www.lycee-pasteur.fr\/index.php?rest_route=\/wp\/v2\/pages"}],"about":[{"href":"https:\/\/www.lycee-pasteur.fr\/index.php?rest_route=\/wp\/v2\/types\/page"}],"author":[{"embeddable":true,"href":"https:\/\/www.lycee-pasteur.fr\/index.php?rest_route=\/wp\/v2\/users\/1"}],"replies":[{"embeddable":true,"href":"https:\/\/www.lycee-pasteur.fr\/index.php?rest_route=%2Fwp%2Fv2%2Fcomments&post=94"}],"version-history":[{"count":2,"href":"https:\/\/www.lycee-pasteur.fr\/index.php?rest_route=\/wp\/v2\/pages\/94\/revisions"}],"predecessor-version":[{"id":97,"href":"https:\/\/www.lycee-pasteur.fr\/index.php?rest_route=\/wp\/v2\/pages\/94\/revisions\/97"}],"wp:attachment":[{"href":"https:\/\/www.lycee-pasteur.fr\/index.php?rest_route=%2Fwp%2Fv2%2Fmedia&parent=94"}],"curies":[{"name":"wp","href":"https:\/\/api.w.org\/{rel}","templated":true}]}}